 45839316?
8
What is the ten millions digit of 4344450629?
4
What is the millions digit of 501472904?
1
What is the tens digit of 7422413339?
3
What is the hundred millions digit of 447057575?
4
What is the hundred millions digit of 236289151?
2
What is the ten thousands digit of 241748858?
4
What is the tens digit of 882528741?
4
What is the hundred thousands digit of 673219256?
2
What is the hundred millions digit of 153136870?
1
What is the hundred thousands digit of 45285489?
2
What is the thousands digit of 368158835?
8
What is the tens digit of 733143052?
5
What is the units digit of 2293600886?
6
What is the thousands digit of 124976105?
6
What is the millions digit of 107234609?
7
What is the tens digit of 875878569?
6
What is the tens digit of 2229539?
3
What is the millions digit of 1667268438?
7
What is the ten thousands digit of 50554686?
5
What is the hundred millions digit of 5435554368?
4
What is the hundreds digit of 376336810?
8
What is the millions digit of 1402986786?
2
What is the billions digit of 1859369527?
1
What is the hundreds digit of 54055395?
3
What is the tens digit of 4570569188?
8
What is the thousands digit of 642051402?
1
What is the ten millions digit of 276764186?
7
What is the tens digit of 241325715?
1
What is the tens digit of 1370755650?
5
What is the hundred thousands digit of 57226792?
2
What is the tens digit of 47650535?
3
What is the ten millions digit of 674666479?
7
What is the hundred thousands digit of 1037142372?
1
What is the millions digit of 642725251?
2
What is the ten thousands digit of 168626046?
2
What is the hundred thousands digit of 174180363?
1
What is the millions digit of 130436943?
0
What is the thousands digit of 15816168?
6
What is the units digit of 103700004?
4
What is the thousands digit of 95804644?
4
What is the tens digit of 1070365646?
4
What is the ten millions digit of 1847637041?
4
What is the millions digit of 245532741?
5
What is the hundreds digit of 1103222617?
6
What is the millions digit of 120045472?
0
What is the ten thousands digit of 70618309?
1
What is the thousands digit of 2653413337?
3
What is the tens digit of 18012205?
0
What is the millions digit of 4934901?
4
What is the hundred thousands digit of 684991988?
9
What is the hundreds digit of 23438485?
4
What is the ten thousands digit of 91172194?
7
What is the thousands digit of 4842381?
2
What is the ten thousands digit of 4761589?
6
What is the ten millions digit of 57058506?
5
What is the ten millions digit of 4118593269?
1
What is the hundreds digit of 9407601?
6
What is the hundreds digit of 122281089?
0
What is the units digit of 3850408143?
3
What is the hundreds digit of 7479038741?
7
What is the tens digit of 510984964?
6
What is the hundred thousands digit of 3939816779?
8
What is the hundred thousands digit of 471498097?
4
What is the thousands digit of 94563485?
3
What is the ten thousands digit of 233865165?
6
What is the thousands digit of 341965238?
5
What is the ten millions digit of 36654588?
3
What is the ten thousands digit of 24234611?
3
What is the hundreds digit of 1288815478?
4
What is the hundred millions digit of 167044872?
1
What is the hundred thousands digit of 40663589?
6
What is the billions digit of 1977515512?
1
What is the ten thousands digit of 548633130?
3
What is the units digit of 7435649?
9
What is the ten millions digit of 1985795599?
8
What is the units digit of 75162541?
1
What is the hundred thousands digit of 77530439?
5
What is the hundred millions digit of 1838424039?
8
What is the millions digit of 1643895388?
3
What is the tens digit of 183344603?
0
What is the hundred thousands digit of 96439248?
4
What is the thousands digit of 43513501?
3
What is the tens digit of 349365751?
5
What is the hundred thousands digit of 852614970?
6
What is the hundred thousands digit of 602976701?
9
What is the hundreds digit of 314085460?
4
What is the tens digit of 93305508?
0
What is the units digit of 29153359?
9
What is the ten thousands digit of 12919873?
1
What is the billions digit of 2667282841?
2
What is the ten millions digit of 1791297488?
9
What is the tens digit of 371328679?
7
What is the ten millions digit of 525838035?
2
What is the ten millions digit of 126846339?
2
What is the ten millions digit of 655471462?
5
What is the hundred millions digit of 4386337375?
3
What is the millions digit of 1361633420?
1
What is the thousands digit of 624740173?
0
What is the ten millions digit of 1863788369?
6
What is the ten thousands digit of 132373081?
7
What is the hundreds digit of 4112729888?
8
What is the hundred thousands digit of 1300935911?
9
What is the ten thousands digit of 364367133?
6
What is the hundreds digit of 81311633?
6
What is the ten millions digit of 92044088?
9
What is the hundred thousands digit of 839278475?
2
What is the units digit of 834147508?
8
What is the ten thousands digit of 54388819?
8
What is the hundred millions digit of 802084342?
8
What is the ten thousands digit of 1961489342?
8
What is the thousands digit of 30360526?
0
What is the hundred thousands digit of 18762673?
7
What is the millions digit of 75145048?
5
What is the ten thousands digit of 1035631454?
3
What is the units digit of 6591378?
8
What is the hundred thousands digit of 2724482898?
4
What is the hundred thousands digit of 1086020810?
0
What is the ten thousands digit of 116221371?
2
What is the thousands digit of 104480718?
0
What is the ten thousands digit of 654489972?
8
What is the ten millions digit of 768828672?
6
What is the hundred thousands digit of 6189060?
1
What is the ten thousands digit of 7222945?
2
What is the units digit of 14854602?
2
What is the ten thousands digit of 136569631?
6
What is the millions digit of 2181160707?
1
What is the thousands digit of 921037921?
7
What is the ten thousands digit of 131665962?
6
What is the tens digit of 1614997583?
8
What is the hundred thousands digit of 4484619044?
6
What is the units digit of 607031747?
7
What is the millions digit of 4268316946?
8
What is the ten millions digit of 147000166?
4
What is the millions digit of 21338623?
1
What is the tens digit of 67554912?
1
What is the thousands digit of 414328428?
8
What is the millions digit of 247303760?
7
What is the ten thousands digit of 80934684?
3
What is the hundred thousands digit of 169209950?
2
What is the thousands digit of 671517476?
7
What is the thousands digit of 2339552945?
2
What is the ten millions digit of 6345397408?
4
What is the hundred thousands digit of 1165119938?
1
What is the ten millions digit of 1993879543?
9
What is the ten thousands digit of 679654804?
5
What is the hundreds digit of 154783410?
4
What is the hundred thousands digit of 2278949875?
9
What is the ten thousands digit of 887270624?
7
What is the ten millions digit of 1596370570?
9
What is the thousands digit of 2050184531?
4
What is the thousands digit of 6841651465?
1
What is the ten thousands digit of 2051502748?
0
What is the millions digit of 83723801?
3
What is the billions digit of 7442865720?
7
What is the hundred millions digit of 223436326?
2
What is the millions digit of 7568040356?
8
What is the tens digit of 4588639?
3
What is the hundred thousands digit of 55559326?
5
What is the millions digit of 36274847?
6
What is the ten thousands digit of 49542484?
4
What is the thousands digit of 42613994?
3
What is the ten millions digit of 189952913?
8
What is the tens digit of 1291130107?
0
What is the ten thousands digit of 2425558?
2
What is the millions digit of 272350260?
2
What is the hundred millions digit of 231282661?
2
What is the hundreds digit of 428346682?
6
What is the hundred thousands digit of 21713545?
7
What is the units digit of 126098123?
3
What is the millions digit of 49187966?
9
What is the thousands digit of 83994123?
4
What is the millions digit of 239146949?
9
What is the hundred millions digit of 938977159?
9
What is the thousands digit of 7732721444?
1
What is the hundred thousands digit of 211531481?
5
What is the ten millions digit of 38931454?
3
What is the units digit of 320686982?
2
What is the tens digit of 167827957?
5
What is the hundred millions digit of 132645217?
1
What is the tens digit of 515579090?
9
What is the 